rue
Is 31252957 a prime number?
True
Is 104247463 a prime number?
False
Is 178506179 prime?
True
Is 28602121 a prime number?
False
Is 73176883 composite?
True
Is 32783441 prime?
False
Is 69949093 a prime number?
False
Is 138283 prime?
True
Is 75389735 a composite number?
True
Is 1698769 prime?
False
Is 12124201 a prime number?
True
Is 14307379 a composite number?
False
Is 361189 a composite number?
True
Is 37483 prime?
True
Is 79330429 prime?
False
Is 7106147 a composite number?
False
Is 200029349 a prime number?
False
Is 133111261 a prime number?
True
Is 16614177 a prime number?
False
Is 3607 prime?
True
Is 332176181 prime?
True
Is 3965123 prime?
True
Is 2177881 a prime number?
True
Is 13586389 a composite number?
False
Is 992119 a prime number?
False
Is 14157203 a prime number?
True
Is 265694177 composite?
True
Is 5289538 a composite number?
True
Is 87712741 prime?
False
Is 1903159 a prime number?
True
Is 3786047 composite?
False
Is 68611559 composite?
False
Is 8648587 a composite number?
True
Is 37689515 prime?
False
Is 44138301 a prime number?
False
Is 2702123 composite?
True
Is 1000271 a prime number?
False
Is 431441 a composite number?
False
Is 665616191 a prime number?
True
Is 266645333 composite?
True
Is 10436417 composite?
False
Is 53943443 prime?
False
Is 2554003 a prime number?
True
Is 817529 a prime number?
True
Is 60241619 composite?
False
Is 75780229 composite?
True
Is 28129963 composite?
True
Is 1151 composite?
False
Is 3827099 composite?
True
Is 86588777 a composite number?
True
Is 485831027 composite?
True
Is 128360111 a prime number?
False
Is 110837197 composite?
True
Is 39176407 a composite number?
True
Is 2676847 composite?
False
Is 433702 a composite number?
True
Is 2489005 composite?
True
Is 623005 composite?
True
Is 53583347 prime?
True
Is 1162619 prime?
True
Is 11352553 prime?
False
Is 89113853 a prime number?
True
Is 398407 prime?
True
Is 850062341 composite?
False
Is 268823733 composite?
True
Is 38687653 a composite number?
True
Is 20950115 a composite number?
True
Is 21345277 prime?
True
Is 368799763 prime?
True
Is 145260429 a composite number?
True
Is 1221631 a prime number?
True
Is 609163 a prime number?
True
Is 37865459 a prime number?
True
Is 2569717 composite?
False
Is 4305395 a composite number?
True
Is 4983751 a composite number?
False
Is 102884807 a prime number?
False
Is 855521 a composite number?
False
Is 6952079 a composite number?
True
Is 950909 composite?
True
Is 52616845 composite?
True
Is 162060917 a prime number?
True
Is 12553271 a prime number?
True
Is 62082157 prime?
False
Is 14652061 prime?
True
Is 15630865 a composite number?
True
Is 418127 a prime number?
False
Is 330853 composite?
False
Is 6696731 composite?
True
Is 112025861 a composite number?
False
Is 619039253 composite?
True
Is 103732823 a prime number?
True
Is 20872409 a prime number?
True
Is 213547621 composite?
True
Is 591681839 a prime number?
False
Is 17844637 a prime number?
True
Is 411740831 composite?
True
Is 14722349 a prime number?
False
Is 56419133 a composite number?
False
Is 5712011 prime?
True
Is 137235361 composite?
False
Is 2480774 a prime number?
False
Is 20887 a composite number?
False
Is 1167783367 prime?
True
Is 41296373 prime?
False
Is 2745241 a composite number?
True
Is 1762897 a prime number?
True
Is 816239 a prime number?
True
Is 9386215 a prime number?
False
Is 1914923 a prime number?
True
Is 313093 composite?
True
Is 49168237 a composite number?
False
Is 195259549 composite?
True
Is 15852323 composite?
False
Is 2870963 a composite number?
True
Is 2190527 composite?
True
Is 24000947 a composite number?
True
Is 54735535 a prime number?
False
Is 7420087 composite?
True
Is 7008173 a prime number?
True
Is 1047173 prime?
True
Is 463183 a prime number?
False
Is 8138197 a prime number?
True
Is 184563707 a prime number?
False
Is 579629 a composite number?
False
Is 49253101 a composite number?
False
Is 25710127 composite?
True
Is 97397441 prime?
False
Is 21739129 composite?
False
Is 12835621 a composite number?
True
Is 42358627 a composite number?
True
Is 6166247 prime?
True
Is 3204767 a composite number?
False
Is 31270273 a prime number?
True
Is 140521999 a prime number?
True
Is 25128091 a prime number?
False
Is 30953287 a prime number?
True
Is 3493507 prime?
True
Is 9334889 composite?
False
Is 927671 a composite number?
False
Is 1226417 a prime number?
True
Is 169265539 prime?
False
Is 49187699 a prime number?
False
Is 228581333 composite?
False
Is 4146223 a composite number?
True
Is 7910687 a composite number?
False
Is 10567651 prime?
True
Is 269987 prime?
True
Is 7279151 a composite number?
True
Is 12956597 composite?
False
Is 546937 a composite number?
False
Is 16341554 composite?
True
Is 35941342 a prime number?
False
Is 16722137 prime?
False
Is 16941199 prime?
False
Is 2979227 composite?
False
Is 50848393 prime?
True
Is 8944349 a prime number?
True
Is 906872734 composite?
True
Is 1580671 a composite number?
False
Is 250169 composite?
False
Is 410203 a prime number?
True
Is 1041557 prime?
False
Is 12615935 composite?
True
Is 246988697 a composite number?
True
Is 800014301 a prime number?
True
Is 41109041 composite?
False
Is 564829 prime?
False
Is 5517857 prime?
False
Is 108643673 prime?
False
Is 8498909 prime?
False
Is 15344997 a composite number?
True
Is 51802997 prime?
False
Is 18374369 a prime number?
False
Is 12540467 prime?
True
Is 189489305 a composite number?
True
Is 2825047 a prime number?
True
Is 41267621 composite?
False
Is 13019029 prime?
False
Is 2555089 a composite number?
False
Is 1165117 prime?
False
Is 33633757 composite?
False
Is 410976103 a composite number?
False
Is 425707441 a prime number?
True
Is 287636707 prime?
True
Is 374237047 composite?
False
Is 14979963 a prime number?
False
Is 47650989 composite?
True
Is 28639093 composite?
True
Is 33027857 a prime number?
True
Is 7061549 a prime number?
False
Is 3856045 a prime number?
False
Is 214323547 prime?
False
Is 191390293 composite?
True
Is 4369423 prime?
True
Is 21861641 a composite number?
True
Is 110688271 composite?
True
Is 940469 prime?
True
Is 412082479 composite?
False
Is 13905671 a prime number?
False
Is 5529367 a composite number?
False
Is 197794759 composite?
False
Is 14791373 composite?
False
Is 97032799 a composite number?
True
Is 809702081 composite?
True
Is 1015753265 a composite number?
True
Is 11254007 a composite number?
False
Is 46016593 composite?
True
Is 40227263 composite?
True
Is 40819403 a prime number?
True
Is 12470867 prime?
True
Is 9228973 a prime number?
False
Is 12432611 a composite number?
True
Is 35495701 composite?
False
Is 129066709 composite?
False
Is 11874223 a composite number?
False
Is 226763 a composite number?
True
Is 47062 prime?
False
Is 19797667 prime?
True
Is 158489 a prime number?
True
Is 106449509 composite?
True
Is 21947417 prime?
True
Is 24411377 prime?
False
Is 57742031 a prime number?
True
Is 5987129 composite?
False
Is 13234343 composite?
False
Is 20724397 prime?
True
Is 8798089 composite?
True
Is 136009 a composite number?
True
Is 1095713 a composite number?
False
Is 9366433 composite?
True
Is 34741587 composite?
True
Is 22707385 prime?
False
Is 285037 a prime number?
False
Is 2130711095 composite?
True
Is 95911 a prime number?
True
Is 2361367 composite?
False
Is 5836291 a prime number?
True
Is 2717339 prime?
True
Is 80344237 composite?
True
Is 12875059 a prime number?
True
Is 419534371 prime?
True
Is 13232437 composite?
False
Is 60434383 a composite number?
True
Is 365291009 composite?
False
Is 4601341 a prime number?
True
Is 7372223 a prime number?
False
Is 115990603 composite?
False
Is 112565545 a prime number?
False
Is 15486853 a composite number?
True
Is 10777499 prime?
False
Is 330751 composite?
True
Is 20770457 a composite number?
False
Is 48206546 composite?
True
Is 4696957 a composite number?
False
Is 104904483 a prime number?
False
Is 19246453 a prime number?
False
Is 526059263 composite?
False
Is 33385609 a composite number?
False
Is 8373011 a prime number?
True
Is 101139331 a prime number?
True
Is 2618387 a composite number?
False
Is 21580007 prime?
True
Is 75881779 prime?
False
Is 392053 prime?
True
Is 16626067 a prime number?
True
Is 12693817 prime?
True
Is 112160011 a composite n